nd l.
3
Let q be (33/(-6) + 0)*-6. What is the highest common divisor of 22 and q?
11
Let u(m) = 8*m. Let y be u(4). Let s = -18 - -26. What is the highest common divisor of s and y?
8
Let n(u) = -u**3 - u**2. Let w be n(-2). Let a be -3*w*3/(-9). Suppose -4*d - d = -a*p + 137, -4*p + 132 = -4*d. What is the greatest common factor of 42 and p?
14
Suppose -3*p - 3*z - 6 = 0, 4*p + 0*p = z + 2. Let j(w) = w**3 - w**2 + 21. Let t be j(p). Calculate the highest common factor of t and 84.
21
Suppose -106 - 44 = -5*d. Suppose -2*u + 0*u = -d. What is the highest common factor of u and 5?
5
Let r be (26/4)/(1/(-2)). Let t = 4 - r. Let m(f) = -f**3 + 5*f**2 + 2*f + 7. Let b be m(5). What is the greatest common divisor of b and t?
17
Let x(m) = 6*m. Let v(t) = -5*t - 1. Let w(j) = 3*v(j) + 4*x(j). Let g be w(2). Let o be 121 + 0 + 2/(-2). What is the highest common factor of g and o?
15
Let b be -39*(-1 + 1/3). Suppose 0 = 2*o, 58 = 3*j - o - b. What is the greatest common divisor of j and 14?
14
Suppose -38*b + 624 = -32*b. What is the highest common divisor of b and 13?
13
Suppose 0*b = 2*b - 56. Let l = b + 2. What is the greatest common factor of 20 and l?
10
Suppose 2*u = 5*u - 108. What is the highest common factor of 396 and u?
36
Let i(c) = -c**3 - 4*c**2 - 4*c - 6. Let f = -6 + 2. Let a be i(f). What is the greatest common factor of a and 1?
1
Let p(d) = -d - 1. Let z be p(-11). What is the highest common divisor of z and 80?
10
Let q = 5 + 8. Let o(a) = 20*a + 16. Let g(f) = 5*f + 4. Let j(m) = -26*g(m) + 6*o(m). Let t be j(-6). Calculate the highest common divisor of t and q.
13
Let h be (-15)/6*48/(-40). Calculate the highest common factor of h and 1.
1
Let q(m) = -2*m**3 - 3*m**2 + 2*m + 2. Let r be q(-3). Let p = r + -11. What is the greatest common divisor of p and 96?
12
Suppose -4*b = m - 9*b + 8, 4*b - 16 = 0. What is the greatest common factor of m and 18?
6
Let b = -1 - -4. Calculate the greatest common factor of b and 33.
3
Let r = 124 - 72. Let w = -13 - -26. What is the highest common divisor of r and w?
13
Let c be 4/22 - 1646/(-22). Suppose 2*z = -3*z - c. Let q = z + 50. What is the highest common factor of q and 5?
5
Let n be 7/(7/(-2)) + 10. Suppose 0 = 2*c + 7 - 31. What is the greatest common divisor of n and c?
4
Suppose -3*f = 2*c + 27, 2*f = -2*c - 2*f - 32. Let s = 1 - c. Suppose s*a - 2*a = 245. Calculate the greatest common factor of 7 and a.
7
Let i = -52 - -164. Suppose -i = -y + 64. What is the highest common divisor of y and 16?
16
Suppose -30 = 2*m - 0*m. Let t be ((-5)/m)/((-2)/(-54)). Calculate the greatest common divisor of 81 and t.
9
Let w = 100 + -55. Calculate the greatest common divisor of 360 and w.
45
Let j = -134 + 233. Let k(s) = 6*s**3 - 2*s**2 + 3*s - 1. Let z be k(2). Suppose -a - z = -6*a. Calculate the highest common factor of j and a.
9
Let j(c) = c**3 + c**2 + c + 18. Let v be j(0). What is the greatest common divisor of v and 18?
18
Suppose 0*k - 108 = -4*k. Let x = -176 + 179. What is the highest common divisor of k and x?
3
Let b = 6 - 3. Suppose 21 + 2 = 5*q + o, 3*o - 13 = -q. Let m be -2*(6/q + -2). What is the highest common divisor of m and b?
1
Let z = -7 - -80. Suppose 0 = y + 2*b - 10 - 2, 0 = -4*y - 3*b + z. Suppose -24 + 2 = -11*o. Calculate the highest common factor of y and o.
2
Suppose 3*d - 135 = u, -3*d + 5*u = -d - 103. Suppose -20 = -4*k - k. Calculate the highest common factor of d and k.
4
Let z(g) = -g**3 - 5*g**2 + 4*g + 8. Let p be z(-6). Let t = 41 + 139. What is the greatest common factor of p and t?
20
Suppose -81 = -3*s + 3*k, -4 = -3*k - 1. Let c be -10 + 11 - (-3 - 0). Calculate the highest common factor of c and s.
4
Let a be 104/39 - 2/3. Calculate the greatest common factor of a and 5.
1
Let o(p) = 17*p**3 - p. Let x be o(1). Let b = x - 11. Suppose -3*l = 2*u - 0*l - 60, 0 = b*l. Calculate the greatest common divisor of 15 and u.
15
Suppose -6*h = 2*h - 352. Calculate the greatest common divisor of h and 352.
44
Let n(o) = 6 - 6*o - 2*o + 2*o. Suppose 0 = -3*h + 2*h - 9. Let y be n(h). Calculate the greatest common divisor of y and 15.
15
Let l(u) be the first derivative of 11*u**3/3 + 2*u - 2. Let p be l(2). Let v be (-1)/(-2) + p/4. Calculate the greatest common factor of 3 and v.
3
Let k(w) = 5*w**2 - 2*w + 2. Let m(j) = j**2 - 4*j + 2. Let p be m(4). Let i be k(p). What is the greatest common factor of i and 54?
18
Let j(u) = -u + 21. Let r be j(8). What is the greatest common factor of 91 and r?
13
Let c(i) = -39*i - 1. Suppose 20 = w + 4*w. Let j be 4*(6/w + -2). Let f be c(j). What is the greatest common factor of 7 and f?
7
Let x(m) = -m + 1. Let k be x(4). Let c = 10 - k. Suppose -17 = -r + 9. What is the highest common factor of r and c?
13
Let y(k) = 3*k**2 - 3*k - 16. Let m be y(-4). What is the highest common factor of m and 4?
4
Let p(j) = 1 + 2 + 1 - 2 + j. Let w be p(3). What is the greatest common factor of 55 and w?
5
Let c = 2762 + -1508. Let f be (1/2)/(3/c). Let q = -25 - -44. What is the highest common divisor of f and q?
19
Let v = 99 - 97. What is the highest common divisor of v and 10?
2
Let y be (14/6)/((-4)/(-24)). What is the greatest common divisor of 14 and y?
14
Suppose 3*l - 13 = 4*y, 3*l + 4*y + 15 = y. Let b = -16 + 16. Let k be b - 9/(-4 - l). What is the highest common factor of 12 and k?
3
Let j(n) = -2*n - 14. Let b be j(-11). What is the highest common divisor of 10 and b?
2
Let j be -2*(-3)/(-20)*-5*10. Calculate the highest common factor of 15 and j.
15
Let w(q) = -3 + 7*q + 5 - q**2 + 4. Let u be w(7). Let z be 530/u + (-2)/6. What is the highest common divisor of z and 11?
11
Let d be 12/42 + -3*166/(-21). What is the greatest common factor of 24 and d?
24
Suppose 0*i - 2*i = -36. Let t be i - (-3 + 7 + -1). What is the highest common factor of t and 165?
15
Let r(v) = -v**2 + v + 1. Let j be r(3). Let g(s) = -2*s - 2. Let p be g(-4). Let h = p - j. What is the greatest common factor of h and 44?
11
Let q be 5 + (-2 - -2) + 1. Let f = 3 + 1. Suppose w + 0*w - 220 = -f*i, -2*w = -8. Calculate the greatest common divisor of i and q.
6
Let y(x) = -x. Let n be y(-2). Suppose -2*p - 6 = -5*w, -3*p + 6 = -0*p. Suppose w*d = n + 2. What is the highest common factor of d and 4?
2
Let t = 3 + -1. Let j(o) = o**3 - 8*o**2 + 6*o + 9. Let s be j(7). Let p(z) = z**2 - z + 1. Let d be p(s). Calculate the greatest common factor of d and t.
1
Let p be (6/(-9))/((39/(-108))/13). What is the greatest common divisor of 60 and p?
12
Suppose u - 22 - 43 = -4*i, 5*u - 25 = 0. Calculate the greatest common divisor of 135 and i.
15
Suppose -v + 23 = 3*l + 4*v, 16 = 4*v. Let b = 7 + l. Calculate the highest common divisor of 20 and b.
4
Suppose -3*p + 65 = 4*h, 80 = -3*p + 7*p + 4*h. Let d = -2 + p. Calculate the greatest common divisor of 104 and d.
13
Let h = 6 - -6. Suppose 0*o + b = o - 1, -2*b = 2*o + 2. Suppose o = 4*z - 14 - 58. What is the highest common divisor of z and h?
6
Let b = -25 - -31. Let f(s) be the first derivative of -s**3/3 + 3*s**2 + s - 1. Let j be f(5). Calculate the highest common divisor of j and b.
6
Suppose 2*d - 21 = 3*u, -u + 0*u - 5 = 0. Calculate the highest common factor of 51 and d.
3
Suppose 0*a - 3*a + 32 = 4*w, a - 18 = -5*w. Suppose g + 445 = 6*g. Suppose 5*j + 29 - g = 0. What is the highest common divisor of a and j?
4
Suppose m + 5*h = 12, -46 = -3*m - 2*h - 3*h. What is the greatest common divisor of m and 51?
17
Let a(z) = -z + 5. Let k be a(3). Suppose -k*y = -4*y, 4*y + 24 = r. Suppose 1 = -2*o + 7. What is the greatest common factor of r and o?
3
Suppose 4*o - 24 = o. Let f(r) = -2*r**3 - 2*r**2 + r + 2. Let c be f(-2). What is the greatest common factor of c and o?
8
Suppose 3*s - s + 104 = 3*t, 2*t - 80 = -4*s. Calculate the greatest common factor of t and 18.
18
Let w(m) = 15*m - 8. Let c be w(7). Let v = 169 - c. What is the greatest common factor of v and 9?
9
Let s(a) = -2*a. Let j be s(2). Let p(d) = 2*d**2 - 2. Let r be p(j). Calculate the greatest common factor of r and 15.
15
Let c be (6 - 7)/(2/58). Let f = c - -39. Calculate the greatest common factor of f and 5.
5
Suppose -4*p = 2 - 22, -p = -r + 21. Calculate the greatest common divisor of 52 and r.
26
Let f(h) = h**3 + 11*h**